 -u**3 + 3*u**2 + 20*u - 9. Let g be v(6). Let p be 16/12*2 + g/9. Let w(k) = k + 2. Determine w(p).
5
Let b(w) = -w**3 + 25*w**2 + 28*w - 44. Let o be b(26). Let m(r) = -r**3 + 9*r**2 - 6*r + 1. Calculate m(o).
17
Suppose -4*b + 30 = -6. Suppose 3*z = -b - 0. Let p(i) = 2*i + 80 - 83 + 2*i**2 - 2*i. Determine p(z).
15
Let v(l) be the first derivative of -l**2/2 + 7*l - 1. Suppose 6*i + 15 = i. Let x = 3 - i. Calculate v(x).
1
Suppose 0 = 7*z - 263 + 228. Let f(k) = 13*k - 9. Calculate f(z).
56
Let x = -128 + 126. Let p(m) = -7*m. Determine p(x).
14
Let a(t) = -t**2 - 12*t - 2. Let b(p) be the third derivative of -p**5/30 - 23*p**4/24 - p**3/2 + 20*p**2. Let n(i) = -11*a(i) + 6*b(i). Calculate n(-7).
-3
Let i(b) = -9*b**3 - 27*b**2 + 11*b - 20. Let l(h) = -11*h**3 - 30*h**2 + 10*h - 21. Let t(s) = 6*i(s) - 5*l(s). Determine t(11).
40
Let t(r) = -7*r**2 - 6*r - 4. Let n(u) = 17*u**2 + 11*u + 8. Let c(v) = 2*n(v) + 5*t(v). Suppose -4*a = 0, 6*m + 5*a + 35 = m. Determine c(m).
3
Let h be 0 - -2 - (-1 + 24/(-6)). Let j(l) = -l**3 + 7*l**2 + 11*l - 8. Give j(h).
69
Let l(c) = 156 - 77 - 85 + 9*c - c**2. Calculate l(9).
-6
Let j(r) be the third derivative of -r**6/120 + r**5/10 - 5*r**4/24 + r**3 + r**2. Let l = 39 - 17. Suppose -l = -7*y + 13. Give j(y).
6
Let z(g) = -g**2 - 6*g + 9. Let v = -140 + 94. Let l = v + 39. Calculate z(l).
2
Let k(z) = 2*z + 12. Suppose -6*h = -17 + 41. Let y be k(h). Let d(m) = m**3 - 3*m**2 - 2*m + 5. What is d(y)?
13
Let x(s) = -s**3 - 4*s**2 - 3*s - 2. Let y(r) = r**2 - 9*r + 7. Let k be y(6). Let d be (1 + 2)*(12 + k). Suppose 6 = -0*c - d*c. Determine x(c).
-4
Let m(b) = b**3 + 2*b**2 + 2*b - 2. Let j be (21/12 + -2)/(5/(-100)). Suppose -a - j*a = 12. Give m(a).
-6
Let f(z) = 2*z**2 + 8*z - 4. Let j be f(-6). Let m = -23 + j. Let d(v) = v**3 + 4*v**2 + 3*v. Give d(m).
0
Let x(p) = 9*p - 5. Let l(q) = -71*q - 70*q + 6 + 130*q. Let g(r) = -5*l(r) - 6*x(r). Let n be 0 - -1 - 0 - 5. Give g(n).
-4
Suppose 3*p - 2*j = 0, 22*j + 6 = 24*j. Let l(q) be the third derivative of -7/24*q**4 + 0 + 1/2*q**3 + 1/60*q**5 + 0*q + 8*q**p. Give l(6).
-3
Let t(z) = z + 1. Suppose -m - 2*c = -16, -5*m + 98 = 2*c - c. Let y = 319 - 314. Suppose -y*j + j - m = 0. What is t(j)?
-4
Suppose 22 = 5*s + 3*l, -4*s = 2*l - 8 - 10. Suppose -18 = s*a - u, -5*a + 0*u = 4*u + 3. Let m(f) = f**2. Give m(a).
9
Let t(o) be the third derivative of o**7/5040 + o**6/144 - o**5/4 - 17*o**2. Let m(r) be the third derivative of t(r). Give m(-4).
1
Let q(r) = r**2 - r + 1. Let c be (0 - 1)/((-7)/7). Suppose -18*d = -20 + 2. Let f(a) = -2*a**2 + 2*a - 4. Let o(s) = c*f(s) + d*q(s). Calculate o(0).
-3
Suppose 34*b = 39*b - 50. Let c(f) = f**2 - 9*f + 5. Determine c(b).
15
Let q(c) be the first derivative of c**3/3 + 2*c**2 - 2*c + 212. What is q(-4)?
-2
Let g = -5 + 4. Let d(r) = -5*r**3 - 2*r**2 - r. Let m be d(g). Let y(x) = 4*x + 0*x**3 + 2*x**2 + x**3 - 1 - 7*x**2. What is y(m)?
-1
Let j(s) = 3*s**3 - 3*s**2 - 5*s + 12. Let a(u) = -2*u**3 + u**2 + 3*u - 7. Let n(q) = 5*a(q) + 3*j(q). Calculate n(-3).
-8
Let p(k) = -k**2 - 6*k + 2. Let u be p(-6). Suppose -u*x - 4 = 2*j + 2*x, 0 = j + 3*x. Let w(i) = -i**2 - 3*i - 2. What is w(j)?
-20
Let v(o) = o**3 + 5*o**2 + 4*o + 2. Let b(g) = 8*g**2 - 9*g - 15. Let c(p) = 3*p**2 - 3*p - 5. Let h(x) = 4*b(x) - 11*c(x). Let s be h(-3). Calculate v(s).
-18
Let j(w) = 4*w**2 + 22*w + 3. Let u(i) = 9*i**2 + 50*i + 5. Let m(t) = -7*j(t) + 3*u(t). What is m(5)?
-51
Suppose 4*m + 1 = o + 15, -4*o - 17 = -3*m. Let n be 0 - (o/(-5) + (-21)/15). Let l(p) = 2*p - 1. Give l(n).
1
Let z(f) be the first derivative of f**2/2 - f - 9. Let n be z(2). Let k(q) = -9*q + 9*q - n + q**2. Give k(3).
8
Suppose -4*x - p + 37 = 0, 2*x - 5*x + p = -19. Let g = 9 - x. Let h be (1/4)/(g/20). Let o(n) = -n**3 + 5*n**2 + n - 6. What is o(h)?
-1
Let h be 0 + 3/(10 - 1)*6. Let z = 19 + -13. Suppose -2*k = -m + z - 0, 0 = 2*k + h. Let w(q) = -q**2 + q + 4. Calculate w(m).
-8
Let p(v) = -v**3 + 5*v**2 - 3*v + 4. Let q(y) = -y**2 + 14*y - 21. Let n be q(12). What is p(n)?
13
Let u be ((-1)/2)/(4/88). Let w(v) = v**2 + 10*v - 13. Let a be w(u). Let c(r) = 26*r + 17. Let z(x) = -9*x - 6. Let q(h) = 4*c(h) + 11*z(h). Determine q(a).
-8
Let h = 72 + -68. Suppose 2 = -r, 4*n - 7*r = -h*r - 10. Let o(i) = -i**2 - 4*i + 5. Determine o(n).
5
Let u(i) = 12*i + 4. Let p be u(-1). Let t(h) = h**3 + 9*h**2 + 8*h - 7. What is t(p)?
-7
Let o = 1 - 6. Let t(p) = -6*p + 180. Let u(j) = 11*j - 299. Let c(l) = -5*t(l) - 3*u(l). Determine c(o).
12
Let g = -18 + 38. Let u = g + -13. Let k(h) = -h**3 + 7*h**2 - 2*h + 8. Let j be k(u). Let i(l) = l**2 + 8*l + 9. Calculate i(j).
-3
Let o(r) = -2*r + 13. Suppose -4*p + 0*p + 32 = 0. What is o(p)?
-3
Let o(f) be the third derivative of -f**4/24 - f**3/6 - f**2. Suppose 5*l - 3*k + 24 = 0, 0 = 2*k + 5 - 1. Calculate o(l).
5
Suppose -40 = -6*a + a - 3*y, 3*a = -2*y + 25. Suppose -8 = -v - 4*f, 8 = -a*v - 0*v + 4*f. Let u(t) = t**2 + 4. Calculate u(v).
4
Let a be (4/(-6))/((-2)/6). Let v(f) = 38*f - 23*f - 24*f + 10 + f**a. Determine v(7).
-4
Let x(q) = -q**2 - q - 6. Let p(s) = s**3 - 16*s**2 + 17*s - 29. Let g(f) = 1. Let l(m) = g(m) - p(m). Let v be l(15). What is x(v)?
-6
Suppose -21 = -5*w + 84. Let x = 24 - w. Let c(p) = p + 5 - x + 4. What is c(-5)?
1
Let s(h) = h + 11. Let r = -3 + 14. Suppose -2*x - r + 41 = 0. Suppose 6*d = 3*d - x. What is s(d)?
6
Let b = 3 - 8. Let j be ((-2)/b)/((-1)/(-5)). Let c(s) = 10*s + s - 6*s + s**j - 2. Calculate c(-5).
-2
Let i = -544/3 - -182. Let k(o) be the first derivative of 2 + o - 1/2*o**4 - i*o**3 + 0*o**2. Calculate k(-2).
9
Let f(q) = -6*q**3 - 13*q**2 + 6*q - 9. Let b(x) = 5*x**3 + 11*x**2 - 6*x + 8. Let k(t) = -5*b(t) - 4*f(t). Let h = -12 - -7. Give k(h).
16
Let a(d) be the second derivative of 0 + 2/3*d**3 - d + 0*d**2 - 1/12*d**4. Suppose -5*m + 18 = 3. What is a(m)?
3
Let b(f) be the first derivative of f**4/4 - 13*f**3/3 - f**2 + 9*f - 431. Give b(13).
-17
Let n(s) = -15*s**2 + 18*s - 23. Let r(k) = -7*k**2 + 9*k - 10. Let i(u) = 6*n(u) - 13*r(u). Give i(11).
14
Let x(r) = -4 - r - 3*r**3 - r + 5. Let i = -1096 - -1097. Give x(i).
-4
Let v = 1 + -5. Let n(g) be the second derivative of -3/2*g**2 - g**3 - 1/12*g**4 + 10*g + 0. Calculate n(v).
5
Let n be (-2*1/(-2))/1. Let s(x) = 0 - n - x**3 - 5*x**2 - 4*x + x**2 - 2. Suppose 2*i - r + 8 = 0, 5*r + 5 - 17 = -4*i. Calculate s(i).
-3
Let n(j) = j - 3. Let h = 171 + -164. Give n(h).
4
Let w(y) = -3*y**3 + y**2 - 4*y. Let c(s) = -16*s**3 + 4*s**2 - 21*s. Let g(q) = -2*c(q) + 11*w(q). Let o be 5/(20/44)*-1. Let p be (o/22)/((-1)/6). Give g(p).
-6
Let x be ((-18 - -7) + 10)/((-2)/10). Let w(p) = -p - 2. Let q(l) = -4*l - 7. Let b(u) = 6*q(u) - 21*w(u). Give b(x).
-15
Let i(v) = -v + 1. Let d(k) = -4*k + 5. Let z(w) = 2*d(w) - 11*i(w). Determine z(3).
8
Let k(m) be the first derivative of -3 - 1/2*m**3 + m + 1/4*m**4 + 3/2*m**2. Let o(i) be the first derivative of k(i). What is o(2)?
9
Suppose -t + 222 = 211. Let q(p) = -p**3 + 11*p**2 + 3*p - 11. What is q(t)?
22
Let m(w) be the first derivative of -w**3/3 + 5*w**2/2 - 7*w - 79. Calculate m(7).
-21
Let b(j) be the third derivative of -j**5/60 - 3*j**4/8 + 7*j**3/2 + 691*j**2. What is b(-10)?
11
Let f(w) = w**2 - 4*w - 3. Let p be 1 + -1 + 10/2. Let l be f(p). Let v(m) = -11 - m**3 + 1 + m**l - m + 7. Calculate v(0).
-3
Let f(d) = d**3 + 9*d**2 + 7*d - 2. Let j = -2277 + 2269. What is f(j)?
6
Suppose -4*g = -3*h - 2*h + 1, -4*h = g + 16. Let o be (-1 - -2)*(-6)/h. Let w(i) = -18 - i**o + i - i - 17*i**3 + 19. Calculate w(-1).
17
Let s(v) be the first derivative of 3*v**2/2 + 781. What is s(-1)?
-3
Let o(j) = -3*j**2 + 7*j + 2. Let k(g) = g**2 - g. Let a(h) = 2*k(h) + o(h). Let f = -112 - -117. What is a(f)?
2
Let y(q) = q**2 + 3*q + 3. Suppose -3*j + 29 = n, 4*n = -3*j - 14 + 85. Let i be n/21 - (-16)/3. Let l(c) = c**2 - 6*c - 4. Let k be l(i). What is y(k)?
7
Let c(r) be the second derivative of 4*r + 0 + 5/6*r**3 + 3*r**2. Determine c(-5).
-19
Let p be (-21)/9*(-510)/238. Let h(r) = -r + 7. Let o(d) = 1. Let t be -3 - 1/(2 + -1). Let l(b) = t*o(b) + h(b). What is l(p)?
-2
Let v(r) = -13*r + 11 + 25*r - 9 - r**2. Calculate v(12).
2
Let i be -6*(2 - (-15)/(-6)). Let g(z) = z - 1.